ber?
False
Suppose 2*p = p + 256. Suppose -21*l = -29*l + p. Suppose 561 = -29*v + l*v. Is v a prime number?
False
Let p(s) = 7*s**2 - 3*s + 78. Let w be p(27). Let f = w + -2921. Is f composite?
False
Let z(b) = -b**2 + 4*b**2 - 4*b**2 + 18 - 68*b + 41*b + 20. Let r be 1 + -14*(-6)/(-4). Is z(r) prime?
False
Suppose -51*h + 3037715 = -6878266. Is h prime?
True
Let a be (7 - 2) + (-5 + -891)/(-4). Suppose 0 = 232*y - a*y - 1167. Is y a prime number?
True
Let d be 4 + ((-1)/(-3)*0)/2. Suppose 48030 = 5*t - 5*k, -t + d*k + 6407 = -3208. Suppose -t = -2*f - 7*f. Is f a prime number?
False
Let z(c) = 130840*c**2 - 57*c + 220. Is z(3) a prime number?
True
Suppose 5*u - 7*u = -z - 9, 2*u + 2*z = 6. Suppose -u*s + 13184 = 3*p, -s + 3*p + 9909 = 2*s. Is s a prime number?
True
Let r(a) = 25*a + 14930. Let m(f) = -11*f - 7467. Let b(l) = -9*m(l) - 4*r(l). Let n be (-2)/(-4) - 2/4. Is b(n) a prime number?
False
Is ((-3321)/(-162))/((-1)/(-4)*2/6659) a prime number?
False
Let n = -130265 - -360608. Is n prime?
False
Is ((-644291)/4)/((-2)/8) prime?
True
Let i(h) = h**3 + h**2. Suppose l = -2*l - 18. Let k(b) = 41*b**3 + 4*b**2 - 6. Let j(t) = l*i(t) + k(t). Is j(3) a composite number?
True
Let y = -212 + -486. Let a(x) = 975*x + 12. Let s be a(-3). Let d = y - s. Is d a composite number?
True
Is (-368)/56 + 7 + 48358*(-176)/(-28) prime?
False
Let d(t) = -t**3 + 26*t**2 - 40*t + 11. Let w be (-16)/((-4)/2)*(6 - 4). Is d(w) composite?
False
Let r(a) = 150*a + 7. Let j(z) = -z + 5. Let h be j(-4). Let y = 0 + h. Is r(y) composite?
True
Let c(o) = 2*o**3 - 2*o**2 - 9*o - 6. Let h(u) = -2*u + 26 - 24 + 5*u. Let a be h(1). Is c(a) composite?
False
Let w = 757 - 541. Let l = w - -7. Is l a prime number?
True
Suppose -3*l + 7*b = 11*b - 2420291, 2*l = 5*b + 1613512. Is l a composite number?
False
Suppose -182953 = 52*d - 53*d. Is d a composite number?
False
Let p(x) be the second derivative of 5*x**6/144 - 23*x**5/40 - 5*x**4/12 - 3*x. Let f(a) be the third derivative of p(a). Is f(28) composite?
False
Suppose -25*a + 5*z = -22*a - 101067, 0 = 4*a - 2*z - 134728. Is a composite?
False
Let q(h) be the second derivative of -7*h**4/4 + 13*h**3/3 - 7*h**2 + 5*h. Let x be q(13). Let n = x - -4624. Is n a prime number?
True
Let o be (4/8)/((-4)/(48/(-3))). Let t be ((-4)/(-3))/((-4)/(-4566)). Suppose 4*n = -n + 3*j + 1908, -4*n - o*j = -t. Is n prime?
False
Let c(t) = 21*t - 11. Let l(s) = -10*s + 5. Let k(z) = 6*c(z) + 13*l(z). Let v be k(-2). Suppose r = v*r - 2010. Is r prime?
False
Let v = -36058 - -112631. Is v prime?
False
Suppose 4*a - 4*p - 396328 = 0, 198155 = -29*a + 31*a + p. Is a a prime number?
True
Let s = 487754 - 39483. Is s prime?
False
Let d = -75720 - -129707. Is d prime?
True
Let b(k) = 3*k - 10. Let p be b(5). Suppose p*a = 0, -3*x + a = -x - 3256. Let q = x + -585. Is q a prime number?
False
Suppose -4*j + 5*j + 4*g = 784, 4*j - 3*g = 3079. Suppose 7*l = 5*l + j. Is l a prime number?
False
Let k(i) = -24 + 60*i - 5*i + 79 - 5*i. Let x be k(20). Suppose 5*a = u + 3*a - x, 0 = -5*u - 2*a + 5275. Is u a composite number?
True
Is ((-103307)/(-3))/(10*18/540) composite?
False
Let u = 24 - 6. Suppose 4*x + 4 = -0*z + 2*z, -4*z + 3*x + u = 0. Is 907*(z/(-27) + (-55)/(-45)) a prime number?
True
Suppose -59*t + 28451580 = 72*t - 3051431. Is t a composite number?
True
Let a(r) be the second derivative of 19*r**3/3 - 147*r**2/2 - 32*r + 1. Is a(20) composite?
False
Let b(r) = -1555*r**3 + r**2 - 7*r + 19. Let f(j) = 1553*j**3 - j**2 + 5*j - 18. Let h(a) = -4*b(a) - 5*f(a). Is h(-3) composite?
False
Let p(f) = 5649*f**3 + 3*f**2 - f. Let u(i) = -i**3 - i**2. Let z(l) = -p(l) - 3*u(l). Is z(-1) prime?
False
Let v = 667605 - -490784. Is v a prime number?
True
Let x(r) = -r**2 + 10*r + 5. Let p be x(10). Suppose 0 = v + 1, p*m - 6956 = -8*v + 4*v. Suppose 5*i - 1755 = -5*l, -l + m = 3*l + i. Is l a prime number?
True
Let n = 1143195 + 1893266. Is n composite?
False
Let b(z) be the third derivative of z**5/10 - 5*z**4/24 + 13*z**3/6 + 9*z**2. Suppose -3*m + 2 + 1 = -x, 2*x - m = 9. Is b(x) prime?
True
Let p(u) = 5*u + 85. Let k be p(-12). Suppose 4*o - k - 3259 = 0. Is o a composite number?
False
Suppose 0 = -2*j, 2*a - 301947 = -j - 35561. Is a prime?
False
Let y = 415399 + -211722. Is y composite?
True
Let n(b) = -13*b + 98. Let r be n(8). Is (120995/r)/(-5) - (-1)/(-6) a composite number?
True
Suppose -3*h + 0*h + 48 = 0. Suppose 5*v - 11*y - 20969 = -7*y, 0 = -4*y + h. Is v composite?
True
Suppose g - 13*j + 17*j = 336953, 2*g - 3*j - 673928 = 0. Is g a composite number?
False
Suppose 0 = -2*x, 2*z - 5*x = -2 - 24. Let k(d) = -4*d - 19. Let t be k(z). Suppose -26*m - 4487 = -t*m. Is m a prime number?
True
Suppose 10*t - 15*t = -15. Suppose 2*n - 2*x - 20 = 0, 3*x + 12 = -t. Suppose -n*q = -4*y - 3061, 3*q - 786 = 3*y + 1050. Is q prime?
True
Let j = 463310 + -325405. Is j prime?
False
Suppose -r + 0*q + 67 = -4*q, 0 = 3*q + 9. Let d = r + 7. Let k = 207 - d. Is k prime?
False
Let v = -796 - -790. Is 71295/45 - v/9 a prime number?
False
Suppose -g = v - 3, -2*v - 3*g + 6 = 1. Suppose -v*i + 36 = 4*s, 0*i - 17 = -5*i + 2*s. Suppose -5*z + 2471 = 3*t, -2*z + 0*z + 996 = i*t. Is z prime?
False
Suppose 523810 = 2*s - 3*j, -3*j - 785721 = -223*s + 220*s. Is s a composite number?
True
Is 14724867/152 + -1 + 14/16 prime?
False
Suppose -56022 - 62681 = -13*s. Is s a composite number?
True
Let q be (-1)/(1/(-11 + 5)). Suppose q*c - 4*c + 5*v = 13537, 0 = -5*c + v + 33802. Is c a composite number?
False
Let h(z) = 1176*z - 12. Let r be h(52). Suppose -12*d = -164520 - r. Is d a composite number?
True
Let y(t) = t**2 + 6*t - 3. Let w = 66 - 56. Let x be 0 + 8 + (-10 - -6) + w. Is y(x) a composite number?
False
Let x = -22432 + 92503. Is x/24*2 - (-4)/(-16) a prime number?
True
Suppose -12*x + 90718 = -115718. Is x composite?
False
Let f = -79 + 82. Suppose -679 - 2765 = -f*y. Suppose -7*j + 1099 = -y. Is j a prime number?
False
Let y = -53 + 47. Let o(a) = -2*a**3 - 13*a**2 - 8*a - 7. Let i be o(y). Suppose i*z - 758 = 2197. Is z prime?
False
Suppose 0 = -h - 4*s - 1 + 7, -s + 3 = h. Let y(l) = -6 + 4*l**h + 2 - 7*l + 13*l + 7*l**2. Is y(-7) prime?
False
Suppose 0 = -514*s + 562*s - 6643248. Is s composite?
False
Let u = 151110 + -35281. Is u a composite number?
True
Let b(r) = 175*r**2 - 98*r - 304. Is b(29) a prime number?
False
Is (6508420/(-30))/((-2)/12 + (-1)/2) prime?
True
Suppose 24 = 15*o - 10*o + x, -4*x = 2*o - 24. Is (o/(-2))/(2/(-9661) - 0) prime?
True
Suppose 2*d - 838734 = -4*m, -22*d + 19*d + 1258157 = -2*m. Is d composite?
True
Suppose -3*v = 21, 0 = 336*d - 331*d - 5*v - 1413400. Is d composite?
True
Let a = -195628 + 482571. Is a a prime number?
False
Is (-124)/(-14)*7431 + (-108)/(-189) prime?
False
Let i = 156 - 151. Suppose z = 3, -i*w + z + 2558 + 7944 = 0. Is w composite?
True
Suppose 20 = -5*w, 2*q + w - 50516 = 11012. Is q prime?
False
Suppose -6018*m + 15629225 = -5993*m. Is m a composite number?
False
Suppose -141640 = -12*i + 272156. Is i composite?
False
Let z be (0/(-2))/5 + 2. Suppose 5*j - z*s - 15 = 3*s, -18 = 2*j + 4*s. Is 57 + -9 + j/(-1) a composite number?
True
Let l(h) = 13*h + 68. Let z be l(-5). Suppose -2*a + 14894 = 3*w, a + 2*w - 7447 = -z*w. Is a prime?
False
Suppose 15*j - 1052090 = 41*o - 46*o, o - 210411 = -4*j. Is o a composite number?
True
Let s = -978 - -1031. Suppose -87731 - 143720 = -s*y. Is y a prime number?
False
Let f(l) = 217*l**2 - 29*l + 156. Let b be f(15). Let a = b - 25409. Is a a prime number?
False
Suppose 7 = -0*j + 3*j + s, -3*j - 5*s - 1 = 0. Suppose -3*f + 4*z - 63 = -0*z, j*z - 21 = f. Is (2 - f/(-12)) + (-235)/(-4) a prime number?
True
Let k = 525 - 520. Suppose k*x - 52072 + 242 = 5*w, 5*x - 51833 = 4*w. Is x prime?
True
Let l(g) = 3495*g**2 - 6*g - 14. Is l(-6) composite?
True
Let o(p) = 1861*p - 777. Let i(f) = -1240*f + 518. Let n(j) = -8*i(j) - 5*o(j). Is n(10) composite?
True
Let i(b) = 31*b**2 - 19*b + 16. Let v(y) = -y**2 - 15*y - 49. Let t be v(-7). Is i(t) composite?
True
Let m(d) = -d - 1. Let h(a) = -80*a - 33. Let o(u) = h(u) - 5*m(u). Let q be (-48 - -48) + -1 + -6. Is o(q) prime?
False
Let f be 189814/10 - (-9)/15. Is f*(75/(-10))/(-15) prime?
True
Let w = -891 + 22985. Is w compos